 What is the hundreds digit of q(45)?
7
Let w(g) = -2*g - 9. Let q be w(9). Let z = q - -57. Let x = 44 - z. What is the units digit of x?
4
What is the units digit of (47/5)/(((-352)/(-2480))/22)?
7
Suppose 0 = 3*t + 5 - 2. Let u be 9*(2/t + 3). Suppose u*r = 4*r + 40. What is the units digit of r?
8
Let j(n) be the first derivative of -31*n**2/2 - 28*n + 8. What is the units digit of j(-10)?
2
Suppose 53*f = 41*f + 4200. What is the tens digit of f?
5
Let o(j) = 518*j - 352. What is the hundreds digit of o(6)?
7
Let w(y) be the second derivative of -y**3/2 - 5*y**2/2 - 14*y. What is the tens digit of w(-14)?
3
Let i = 26 - 66. What is the tens digit of (i - 0)/(8/(-12))?
6
Suppose -16 = 2*y - 20. Let a be (1 - (-6)/(-3))*-6. Suppose -a*r - 23 = -2*c - r, -2*r + y = 2*c. What is the units digit of c?
4
Let y(m) = -4*m**3 - 18*m**2 + m + 4. Let v(b) = 5*b**3 + 19*b**2 - 5. Let w(f) = 3*v(f) + 4*y(f). What is the units digit of w(-16)?
3
Suppose -f + 10 = 2*m, -2*m + 3*f - 1 - 5 = 0. Let k(h) = 1 + 2*h**2 + 2*h - m + 1. What is the units digit of k(1)?
3
Let k be 14/6 - 12/36. Let h be ((-2)/(-3))/(6/45). Suppose 256 = h*x - 4*b + k*b, -154 = -3*x + b. What is the units digit of x?
2
Let d(u) = -27*u - 1. Let h be d(1). Let w = 63 + h. What is the units digit of w?
5
Suppose 4*j - 1021 = -w, -4*w + 3*j + 3078 = -w. What is the hundreds digit of w?
0
Suppose 3*p = -15*o + 17*o - 205, -o + p = -104. What is the units digit of o?
7
Suppose -1224 + 6866 = 14*i. What is the tens digit of i?
0
Suppose -2*v - 66 = -0*v. Let q be (-1)/(-2) + v/(-6). What is the units digit of q - (-6 + (1 - -2))?
9
Let c(x) = -9*x + 4. Let w = -17 + 10. Let j be c(w). Suppose -5*h - 3*v + 122 = -5*v, j = 3*h + 5*v. What is the tens digit of h?
2
Let b(s) = s**2 - 9*s. Let k be b(8). Let a = 14 + k. Let q(i) = 3*i. What is the units digit of q(a)?
8
Let o(m) = 26*m**3 - m**2 - m + 1. Let t be o(1). Let u be (3 + -2)*1*(15 - 11). Suppose -t - u = -g. What is the tens digit of g?
2
Let l(s) = s**3 - 4*s**2 - 2. Let n be l(3). Let b(d) = -d - 1. Let a be b(n). Suppose -c - a = -6*c. What is the units digit of c?
2
Let n = -195 + 221. What is the units digit of n?
6
Suppose -4*g - f + 7869 = 0, -18*g - 3*f + 3937 = -16*g. What is the units digit of g?
7
Suppose 26*w = 32*w - 636. What is the tens digit of w?
0
Suppose -10*x + 5*x = -40. Let j(n) = 3*n - 19. What is the units digit of j(x)?
5
Let c(v) = -5*v**2 + 10*v + 8. Let g(o) = 14*o**2 - 29*o - 23. Let j(y) = 17*c(y) + 6*g(y). Let p be j(-6). What is the tens digit of 4/p - (-405)/21?
1
Let n be (12 + -13)/((-2)/(-38)). Let u = n - -26. Suppose u*a - 48 = a. What is the units digit of a?
8
Let i(w) = 20*w + 2. Let s(l) = -2*l**3 - 2*l**2 - 2*l - 1. Suppose 4*a + 2 + 2 = 0. Let h be s(a). What is the units digit of i(h)?
2
Suppose -32*q - 2775 = -5*r - 35*q, r - 557 = -q. What is the units digit of r?
2
Suppose -2*y - 4 = 0, -14*b - y - 4094 = -17*b. What is the units digit of b?
4
Let a(u) = u - 17. Let c be a(28). Let s = 41 + -76. Let m = c - s. What is the units digit of m?
6
Let a be -16*(0 - (-1)/(-1)). Suppose 2*t + 4*v = -22, 2*v + 12 = 2*t + 40. Let c = t + a. What is the units digit of c?
3
Suppose 8*t = 11*t - 33. Suppose -t = f - 8. What is the units digit of (-3)/2*-34 - f?
4
Let f(b) be the third derivative of b**5/60 + 2*b**4/3 + 7*b**3/3 + 6*b**2 - 2*b. Suppose -6 = 2*j - 4*a + 6, 5*a = 4*j + 39. What is the units digit of f(j)?
4
Let s(w) = w**2 - 6*w + 2. Let r(t) = -t**3 + 10*t**2 - 11*t + 10. Let d be r(9). Let k be s(d). Suppose -4*j + k - 26 = 0. What is the tens digit of j?
2
Suppose 577*q - 565*q - 25956 = 0. What is the thousands digit of q?
2
Suppose -15 = -3*z - 5*b, z + 5*b - 9 = 2*b. Suppose -p + 19 + 6 = z. What is the units digit of p?
5
What is the hundreds digit of 341 - ((-6)/4 + (-7)/14)?
3
Let k be (1/(-2))/((-6)/120*-5). Let l(m) = 2*m - 6. Let g be l(7). What is the units digit of k/(-3)*(g + -5)?
2
What is the tens digit of ((-116)/(-174))/(4/4698)?
8
What is the tens digit of -4 + 327 + 1*(-2 - -4)?
2
Suppose 563*p - 4210 = 553*p. What is the hundreds digit of p?
4
Suppose 0*j = 2*g + 2*j + 20, 5*g - 5*j = -20. Let q(l) be the first derivative of l**3/3 + 2*l**2 - 8*l - 1. What is the units digit of q(g)?
3
Let c be (1656/30)/(12/320). Suppose -5*j + 10 = 0, 5*l = -0*l + 4*j + c. What is the hundreds digit of l?
2
Let j = -530 - -1005. What is the hundreds digit of j?
4
Let a be (-2)/(-5) - 96/(-10). Let g(l) be the first derivative of l**4/4 - 11*l**3/3 + 11*l**2/2 - 3*l + 2. What is the units digit of g(a)?
7
Suppose 4*a - 3*u = 5319, -47*a + 1344 = -46*a + 4*u. What is the hundreds digit of a?
3
Let f(i) = -i**2 + i + 78. Suppose -6*z + 9*z = 0. What is the units digit of f(z)?
8
Suppose -4475 = -2*m - y, 50*m + 5*y + 4505 = 52*m. What is the hundreds digit of m?
2
Let o(g) = g**3 - 4*g**2 + 8*g + 8. Let z be o(9). Let f = 727 - z. What is the hundreds digit of f?
2
Let a = 81 + -155. What is the units digit of 2*2/((-8)/a)?
7
Suppose -5*y + 18 = -2. Suppose y*f = 5*f - 30. What is the units digit of f?
0
Let i = -301 + 532. Suppose -3*u + 3*s - i = 0, 5*u + 405 = -7*s + 2*s. Let p = -53 - u. What is the units digit of p?
6
Suppose -10*c + 3940 = 1570. Suppose 4*l - c = l. What is the tens digit of l?
7
Let v = 1020 - 486. Suppose -2*r + b - 33 = -394, 3*r - 4*b = v. What is the units digit of r?
2
Let r(j) be the first derivative of -j**3/3 - 8*j**2 + 21*j - 7. What is the tens digit of r(-13)?
6
Suppose -3*s = m + 1 - 6, -4*m - 2 = s. Let t(x) = 2*x**3 + x**2 + 3*x - 4. Let p be t(s). Let d = p + 12. What is the tens digit of d?
3
Let s = 55 + -7. Suppose 4*y - 12 = s. What is the units digit of y?
5
What is the tens digit of (2/3)/(102/46359)?
0
Let s(r) = 17*r**3 + 2*r**2 + 2*r - 17. What is the hundreds digit of s(3)?
4
Let b(z) = -1912*z**3 - z**2 + 2*z + 4. What is the tens digit of b(-1)?
1
Let h(l) = 179*l**2 + 15*l - 4. What is the tens digit of h(-3)?
6
Let b = 1122 + -205. What is the tens digit of b?
1
Suppose -s + 3 + 1 = 5*a, 0 = -3*a + 3*s - 12. Let m = 23 - 15. Let q = a + m. What is the units digit of q?
8
Let g = 2 - -3. Suppose u + 3*b + 7 = 0, -g*u + 3*u + 2*b - 14 = 0. Let n = 25 + u. What is the tens digit of n?
1
Suppose -j + 2 = 0, -2*u + 319 + 1175 = 4*j. What is the units digit of u?
3
Suppose x + 0*x - 6 = 0. Let i = x - 1. Suppose -i*f - 2*m = -1, -5*m - 11 - 2 = -3*f. What is the units digit of f?
1
Suppose 0 = 5*t + 15, 4*x + 0*t = -2*t - 2. Let v(k) = -k**2 - 25*k - 15. Let z be v(-24). Let h = x + z. What is the units digit of h?
0
Suppose 1893 = 114*v - 111*v. What is the tens digit of v?
3
Let f = -378 - -659. What is the units digit of f?
1
Let t(k) = 2*k**2 + 3*k + 983. What is the hundreds digit of t(0)?
9
Let i = 979 + 48. What is the tens digit of i?
2
Let v(n) = -163*n - 89. What is the units digit of v(-6)?
9
Let q = -1703 - -2944. What is the units digit of q?
1
Let n = 12 - 7. Suppose d = -4*o - d + 256, -o = n*d - 82. What is the units digit of o?
2
Suppose -5*b + 20 = 0, 1136 = 4*t - 3*b - 2096. What is the units digit of t?
1
Let k(g) = 6*g**2 - 4*g - 10. Let q be k(5). Suppose 0 = -4*r + r, 5*u + r - q = 0. What is the units digit of u?
4
Suppose 0 = 5*p - 4*v - 33, 18 = 3*p - v - 2*v. Let h be (-524)/(-12) - (-3)/p. Let b = h - 20. What is the tens digit of b?
2
Suppose 35*l - 2571 = 26409. What is the tens digit of l?
2
Let s(t) = 2*t + t**3 + 8*t - 9*t**2 - 17 + 0*t + 2*t. What is the units digit of s(8)?
5
Let u(c) = -12*c + 362. What is the units digit of u(-31)?
4
Suppose -3*k = -0*k - 171. Let g = k + -23. Suppose 0 = -5*a + 1 + g. What is the units digit of a?
7
Let l(v) = 20*v**3 + 7*v**2 - 5*v + 8. What is the hundreds digit of l(5)?
6
Let w(k) be the first derivative of -11*k**2/2 - 41*k + 28. What is the units digit of w(-7)?
6
Let b = 247 + -121. Suppose 4*c + b = c. What is the units digit of (-8 + 3)*c/10?
1
Let z(f) = 281*f**3 - 2*f**2 + 1. Let d be z(1). Suppose 0 = -5*l + l + d. What is the tens digit of 3/9 + l/6?
1
Let w = -204 - -295. What is the units digit of 23/(-92)*(-1 - w)?
3
Let w = 31 - 28. Suppose -w*g = 6*g - 828. What is the tens digit of g?
9
Let f = 563 + -377. Suppose -o - 23 = -5*s - 89, 0 